 151.
-21
What is -23 + (-30 - (-79 - -21))?
5
Evaluate 29 + -10 + -16 - -1.
4
What is 6 + (0 - (-7 + 7) - 4)?
2
-18 - (-5 - (-6 - (0 - 7)))
-12
-4 + -8 - (-72 - -37)
23
Calculate 14 + (2 - (0 + (-6 - -8) + 4)).
10
1 + 1 + (1 - -3) + (-80 - -83)
9
1 + 10 + 10 - 30
-9
What is (0 - -1) + 4 - (13 + 3)?
-11
What is -6 + -2 + 0 - -29 - -5?
26
Evaluate 10 - (14 + -8 + -1) - (-11 - -42).
-26
-5 + 0 + -1 + (-11 - (-14 + 16))
-19
Calculate -43 + 84 + (-2 - 17) + (5 - 2).
25
What is the value of 1 + (20 - (-8 + 23)) + (3 - 2)?
7
(4 - -1) + (7 - (10 + 1) - -11)
12
What is the value of -9 - (-6 + 20 - (3 + 9 + -7))?
-18
Evaluate -43 + -3 + -49 + 129.
34
What is the value of 2 - (19 + (-3 - 8))?
-6
Calculate -1 - ((-18 - (0 - 7)) + -8 + 5).
13
8 - (12 + 6) - -22
12
(-1 - (3 + 0) - (1 - 22)) + 1
18
Evaluate -10 - (1 - 2 - ((21 - -30) + -20)).
22
Calculate (-3 - (1 + (-6 - 3))) + -9.
-4
-15 + (-27 - -29) - (-2 - -8)
-19
6 + (5 - 2) - (-18 + 20)
7
What is the value of 28 + (0 - 4 - (-3 + 6 + -15))?
36
What is 0 + (25 - 14) + -8 - -12?
15
10 - ((-27 - -6) + 52)
-21
-8 + 48 - (-17 + 41)
16
What is the value of -15 + 4 + 11 + (-10 - 26)?
-36
What is (15 - 15) + -4 - -12?
8
Evaluate (-6 - -20) + (-332 - -331).
13
What is the value of (-72 - -37 - -34) + 0 + -10?
-11
What is -4 + -10 - (-35 + 10 + 11)?
0
What is 19 + (-26 - -19) - 35?
-23
Calculate 18 - 5 - (25 + -6) - (20 - -1).
-27
What is (0 + (4 - 9) - -19) + 2 - 6?
10
1 - ((6 - -2) + 118 + -142)
17
What is 2 + -2 + 2 + (1 - -16)?
19
-19 + (45 - 28) - 10
-12
What is -2 + 0 + -8 - (-696 - -712)?
-26
What is the value of (4 - -5) + 5 + 5 + 4 - 3?
20
Evaluate (3 - (3 - -11) - (39 - 47)) + 12.
9
Evaluate -12 + (-3 - -8) + 8 + -11.
-10
What is (26 - 2) + -8 + 14 - (4 - 2)?
28
Evaluate -3 + 23 + -6 + -20 + 7.
1
(9 + -3 - 13) + (1 - 0)
-6
What is 177 + -168 - (3 - 1)?
7
Evaluate -2 - (-1 - -8) - (-1524 + 1555).
-40
-435 + 464 + 2 + 2
33
What is (33 - 131 - -103) + 1 + (-1 - -2)?
7
What is the value of -4 + (-2 - -15) + (-19 - (-11 + -6))?
7
Evaluate -22 - -16 - (16 + -8 + 15).
-29
What is -1 + 41 - (590 - 570)?
20
Calculate 1 + (2 - (3 + -6 - -6)).
0
Calculate -3 + 20 - (6 + -2 + -7 - -4).
16
What is the value of 6 - (23 - 1 - (3 - (-13 - -11)))?
-11
What is the value of -5 + 4 + (-12 + 0 - (30 + -31))?
-12
Evaluate 38 + -10 - (11 - -9).
8
Calculate 0 - -21 - (10 - -3 - 7).
15
-38 - -25 - -4 - 2
-11
37 - 13 - (-7 + 21)
10
Calculate -40 + 49 + -22 - 8.
-21
What is the value of -12 + -3 + (0 - -3) + 1?
-11
What is the value of 12 - (-5 + (2 - 4) + 13)?
6
(-7 - (4 - 7)) + 5 - -5
6
What is 9 + 3 + (-9 - 10) - 4?
-11
What is -32 - (-35 + 0 + 6)?
-3
Evaluate 11 + (-21 - ((0 - 8) + -9)).
7
What is the value of -8 + 3 + 8 - (10 + -3)?
-4
Calculate (1 - 20) + (3 - 0 - -33).
17
(1 - -1) + 22 + -14 - 1
9
What is the value of -57 - (-1 - 23) - -20?
-13
Evaluate (11 + -3 + -10 - -5) + 1.
4
What is (0 + -2 - (258 - 269)) + 1 + 1?
11
What is -16 + 1 - (-1 - (-23 + 14))?
-23
What is 0 + 7 + 49 + -42 + 3 + -2?
15
3 - (-2 + (16 - 30) + 21)
-2
What is -27 + (-5 - -1) + 19?
-12
29 + -23 + -2 + (-4 - -1) - -3
4
20 - 0 - (-53 - -62)
11
What is -6 - -2 - (12 - 3)?
-13
What is the value of (-13 - 0) + (330 - 306)?
11
Calculate -5 + (-16 - (7 + -34)).
6
Evaluate 10 + 0 + -7 + -13.
-10
What is 2 + -1 + -4 + -5 + -14?
-22
1 - (1 - -2) - -6 - (11 + -11)
4
What is 67 + -67 - (-2 + (6 - 0))?
-4
What is 1414 + -1439 - (-23 + 1)?
-3
What is (26 - 4) + -4 - 9?
9
-84 + 60 - -12 - (-2 + -1 + -6)
-3
What is (-6 - (-1 - 0)) + (42 - (22 - 0))?
15
What is the value of -5 + 27 - (-55 + 59)?
18
What is 3 - -1 - (13 + -1 + -2) - -8?
2
What is the value of -11 + (-3 - -5) + 8 - 7?
-8
What is the value of 0 - -11 - (-35 - -20 - 7)?
33
Calculate 24 + (7 - 12) - (2 + 0 + -6).
23
What is -14 + 40 + 4 + -44?
-14
What is -5 - (5 - (-2 + 0 + (-19 - -26)))?
-5
6 + -11 + 20 + -9 + 12 + -1
17
Evaluate 1 - 3 - (54 + -47) - (-21 - -2).
10
What is -8 - (6 - (7 + -3 + 2 + -10))?
-18
Evaluate 20 + (-12 - (-21 + 9)).
20
-75 + 39 + 33 + 18
15
What is the value of (12 - 4) + (-5 - -1) + -8?
-4
Calculate (-1 - (4 + 2 + -6)) + (9 - -9).
17
What is -6 + -4 + 0 + (34 - 2)?
22
Calculate -2 + 2 - -15 - (-74 + 82).
7
Evaluate (6 - -1 - 1) + -17 - -1.
-10
What is the value of 34 + -35 + 5 + -10 + -5?
-11
Calculate (-7 + 17 - (20 + 1)) + 13.
2
What is 18 + (1 - 14) + -1 + (-1 - 13)?
-10
20 - (-26 - -18 - (2 + -5 - 0))
25
What is -1 + 5 - 6 - (-18 - (6 + -9))?
13
What is the value of -10 + (70 - 74) + 0 + 8?
-6
Evaluate -2 + 1 + -22 - (-39 + (79 - 31)).
-32
-13 - 1 - (-615 + 625)
-24
6 - 2 - (10 - (8 - -10))
12
-1 - (-1 - 5 - (-4 + -14 - -16))
3
Calculate -6 + 0 + -8 + 16.
2
What is -7 + (10 - (-28 + 17))?
14
What is -10 - ((0 - -16) + -23)?
-3
Calculate 14 + (-29 - 15) - -10.
-20
What is -2 + -1 - ((11 - 5) + -18 - 4)?
13
What is the value of -3 - (-3 - -2) - (24 - 50)?
24
What is (7 + 1 - 2) + -24 + (7 - 0)?
-11
-7 + 21 - 53 - (-1 - 15)
-23
What is the value of 14 - 21 - -21 - -14?
28
Evaluate -11 - (1 + (12 - 0) + -29).
5
Calculate 4 + 7 + -9 + -5 + 24.
21
What is 5 + (-2 - 0) + -4 + -2 + -1?
-4
What is the value of 1 + 4 - (-14 + 13 + -22 + 18)?
10
Evaluate -1 - (-13 + 8 + (-5 - -3)) - 8.
-2
What is -6 + 0 - (-1 + (1 - 5))?
-1
What is the value of 9 + (-16 + 7 - 17)?
-17
What is the value of -36 + 39 - (29 - (-2 - -10))?
-18
Evaluate 159 + -161 + 6 + (-1 - -2).
5
Calculate -39 - (5 + -27) - (-1 - 5).
-11
Calculate 7 + 5 + -1 + -7.
4
What is 38 - (43 + -23) - 28?
-10
What is -1 + 10 + (-2 - (-19 + 25) - 14)?
-13
Calculate 12 - ((-1 - -6) + -10).
17
What is the value of (18 - (-9 + 5)) + -10 + 2?
14
What is (6 - (-4 + -5 - -16)) + 5?
4
What is 12 - (-3 + 19) - (1 - -6)?
-11
Evaluate -4 + -32 + (8 - -44).
16
What is the value of 3 + -7 + 48 + -66?
-22
What is 5 - ((-1 - 4) + 15 + 5)?
-10
5 + 6 + 5 - 14
2
What is -1 + (-8 + 14 - -12)?
17
What is 4 - (38 + -30 + 21)?
-25
Evaluate -13 + (-4 - -7) + 2.
-8
What is the value of -8 - (9 - (3 + -7)) - -7 - 9?
-23
Evaluate 18 + (10 - 1) + -5 + -1 + -7.
14
Calculate 9 + -8 + (19 - (11 + -9)).
18
What is the value of 11 + 1 - (-12 - -7 - -13)?
4
2 + (-9 - -10) + -1 - 2
0
What is the value of (7 + -16 - -19) + (-2 - (-1 + -3))?
12
What is 3 + -3 + (1 - (-8 + (-1 - -6)))?
4
(-4 - -3) + (1 + 4 - 9 - -2)
-3
What is 56 - 50 - (15 - 2)?
-7
Calculate -1 - -9 - (12 - 5).
1
Evaluate 0 - 7 - ((8 - 16) + 1).
0
What is -3 - (10 + -4 + 7 + (-6 - 0))?
-10
What is the value of -1 + -2 - (1 - -18 - (-17 - -22))?
-17
Evaluate 7 + 1 + (-20 + 6 - -7) + 5.
6
-6 + 1 - (-4 + 8 + -4) - 25
-30
What is the value of -3 + -14 + 11 + 13?
7
What is 7 - (-9 + 1 + (-2 - -3))?
14
Evaluate 13 + (19 + -25 - -5).
12
(-22 - -16) + 27 + -4
17
934 + -951 + -2 + (13 - -2)
-4
Calculate 19 - ((-4 - 5 - -9) + 5).
14
What is -2 + 1 + 21 + -2 + (-1 - 3)?
14
What is -3 - (2 + -4) - (-8 - -6)?
1
Evaluate (15 + -14 - -10) + 5 + 4.
20
Calculate -74 - (-51 - (-24 + 7)).
-40
2 + -5 + -4 + 9 + -8
-6
-2 + (4 - (1 - 3 - -6) - -3)
1
Calculate (61 - 71 - (9 + -1)) + (8 - 8).
-18
What is -9 + 6 + -1 - -4 - (2 - 0)?
-2
Calculate -6 - (10 + (3 - (14 + -15))).
-20
-11 + 18 + -5 - 11 - -33
24
(-30 - -16 - -5) + 9
0
What is (-44 - (-13 - 1 - -8)) + 10 + 8?
-20
What is -13 - (-2 - (2 - -5 - 1))?
-5
What is (8 - -9) + (-10 - 7)?
0
What is -1 - 0 - 2 - (-18 + (9 - -8))?
-2
What is -5 + (-11 - -28 - 16)?
-4
Evaluate 5 + -1 + -5 + 5.
4
(53 - 5) + -19 - 14
15
Calculate 12 + (13 - 17) + 7 + -9.
6
What is -18 + 19 - (11 + 0)?
-10
Calculate (-26 - -15 - -16) + 6.
11
What is -7 - -14 - (-10 - (13 + -7))?
23
What is the value of (1 + -1 - -4) + (7 - 5)?
6
-20 - (3 + -12) - -16
5
Calculate -19 + (-4 - (-8 - (-4 + 5))).
-14
What is the value of 9 - 10 - 12 - (-24 + 40)?
-29
-36 - (-26 + -10) - (16 + -1)
-15
What is 16 - (-22 + 24 - -12)?
2
What is 2 + -3 - (43 - 57)?
13
What is the value of 9 - 4 - 4 - (-22 + 30)?
-7
What is 4 - ((2 - -2) + 4) - (-23 + 16)?
3
What is the value of 5 + -14 + 19 + -4?
6
Evaluate -6 + (-40 - -15) + 3 + (2 - 9).
-35
Calculate 40 + -51 - ((3 - 4) + 1).
-11
What is 7 - (9 + -2 + 1 + -3 + -1)?
3
38 + (25 - 100) - (-15 - -1)
-23
Evaluate 22 + (10 - 22) + -11.
-1
What is (0 - -25) + (6 - (11 + -4) - -4)?
28
What is the value of 15 + -2 + 1 + 18 + -74 + 59?
17
What is 27 - ((32 - 24) + 14)?
